 the units digit of v?
5
Let t(n) be the third derivative of -7*n**4/24 + 7*n**3/6 + 189*n**2. Suppose -3*w + 7 = 5*x + 31, 3*x + w + 12 = 0. What is the tens digit of t(x)?
2
Let a(m) = -69*m**2 - 1. Let g be a(1). Suppose n - 2*h = -55, 5*n - 14 = 5*h - 264. Let q = n - g. What is the units digit of q?
5
Let k be (31/(-2) + 3)*-2. Suppose 3*z + 3*g + 45 = 0, 5*g = z + 4*z + k. Let y = z - -22. What is the tens digit of y?
1
Let p(k) = -k**2 - 11*k - 5. Let x be p(-10). Suppose x*v + 14 = -2*g, 4*v + 2*g - 3 = -15. What is the units digit of 5 + (-3 + 2 - v)?
6
Let c(v) = 3*v**2 + 31*v + 228. What is the hundreds digit of c(-32)?
3
Let s be 52 - (0 - 3)*-1. Let i = 64 + s. Suppose -5*g + 52 = -i. What is the tens digit of g?
3
Let z = 30 - 27. Suppose -2*o + z*o - 2*h = 1, -5*o + 18 = 3*h. Suppose -o*a + 140 = -a. What is the tens digit of a?
7
Let z(p) = -413*p**3 - 4*p**2 - 22*p - 39. What is the thousands digit of z(-2)?
3
Let d(b) = -b**3 + b**2 + b - 49. What is the units digit of d(-7)?
6
Let n = 6753 - 2483. What is the tens digit of n?
7
Let k = 20 - 15. Suppose k*r - 3*r - 84 = 0. What is the tens digit of r?
4
Let m be 6/3 - 1 - -2. Let p be ((-1)/m)/((-1)/9). Suppose -p*q = -19 + 1. What is the units digit of q?
6
Let f be 63/(-5) + (-22)/55. Let h = f - -59. What is the tens digit of h?
4
Suppose -305*u + 298*u = -44268. What is the thousands digit of u?
6
Let x(o) = -32*o + 5. Let b be x(8). Let t be b/(-2) + (-2)/(-4). Suppose -4*d - 4*w = -t - 6, 5*d = 2*w + 137. What is the units digit of d?
9
Let u(g) be the first derivative of -55*g**4/4 + 2*g**3/3 + g**2 + g - 9. What is the tens digit of u(-1)?
5
What is the thousands digit of (-1283)/(-4)*(-15)/((-180)/192)?
5
Let m(s) be the first derivative of -s**2/2 + 12*s + 4. Let g be m(10). What is the units digit of g*(-9)/12*-8?
2
Let x(t) = t**3 - 14*t**2 + 13*t + 6. Let c be x(13). Suppose a = c*a - 25. What is the units digit of 2/(-4)*a*-28?
0
Suppose -2*i + 4290 = -2*r, -5*r = 2*i - r - 4290. What is the hundreds digit of i?
1
Let t(g) = 7*g**3 + g**2 - 23*g + 15. What is the hundreds digit of t(6)?
4
Let s = -70 + 1384. What is the hundreds digit of s?
3
Suppose -4*x + 442 = -226. What is the units digit of x?
7
Let z be (140/25 + -4)/(1/5). What is the tens digit of -13*(-1*z + 0 + 4)?
5
Suppose 0 = -6*d - 725 + 977. What is the tens digit of d?
4
Suppose -3*s + 12 = s. Let m(q) = 10 - s*q + 0*q + 4*q + 0. What is the units digit of m(0)?
0
Suppose -2*l + 4188 = -210. What is the tens digit of l?
9
Let f(c) = -11*c**2 - 2*c + 18. Let i(b) = 5*b**2 + b - 9. Let a(p) = 4*f(p) + 9*i(p). What is the tens digit of a(6)?
3
Suppose 3*i = 3*b + 5 - 17, 0 = -4*b + 5*i + 21. Let z be 3 + -2 + b + 12. Suppose 2*g - z = 34. What is the units digit of g?
3
What is the units digit of ((-880)/14)/(22/(-308))?
0
Suppose 9 + 11 = 5*f. Suppose 3*s + 66 = f*a, -5*a - 88 = 4*s - a. Let i = s + 38. What is the tens digit of i?
1
Let r = -473 - -827. Suppose 2*f = 5*a + r, 4*a + 356 = 6*f - 4*f. What is the tens digit of f?
8
Suppose 13*z = 3*z + 4440. What is the tens digit of z?
4
Suppose -20*s + 11*s + 1998 = 0. What is the hundreds digit of s?
2
Suppose 0 = c + 3*c + 8. Let t(v) = 48*v**2 + 2*v - 1. Let z be t(c). Suppose 0 = 8*m - 141 - z. What is the tens digit of m?
4
Let j(f) = f**3 - 8*f**2 + 9*f - 8. Let u be j(7). Suppose -u*k + 7*k = 37. What is the tens digit of k?
3
Let r be (2/3)/((-24)/(-1980)). Suppose -m = -0*m - r. What is the tens digit of m?
5
Let a(c) = 9*c**2 - 3*c + 3. What is the tens digit of a(6)?
0
Let l(y) = 40*y + 452. What is the units digit of l(23)?
2
Let s(j) = j**3 - 13*j**2 + 11*j + 16. Let k be s(12). Suppose 4 = -k*x - 12. Let l(a) = -a**3 - a**2 + a. What is the tens digit of l(x)?
4
Suppose 0 = -4*t + 6*t - a - 1041, 2*a = 2*t - 1038. What is the tens digit of t?
2
Let v be 1 - -93 - (-8)/(-12)*6. Suppose -v*o = -89*o - 87. What is the tens digit of o?
8
Let t = -314 + 923. What is the units digit of t?
9
Let h be (-2 - 11/(-2))*12/21. Suppose 0 = h*p - 3*q - 2*q - 152, -4*p - 3*q = -278. What is the tens digit of p?
7
What is the hundreds digit of (-18)/8*-55 - 3/4?
1
Let y = 16 - 30. Suppose 3*m - 2*m = 24. Let j = y + m. What is the units digit of j?
0
Suppose 0 = -k - 1 + 3. Suppose k*l - 91 = -3*w, 48 = l - 5*w - 17. What is the units digit of l?
0
Suppose -2*b = -339 - 61. What is the units digit of b?
0
Suppose 0 = 9*j - 12*j - 3. Let n(w) = -113*w + 13. What is the hundreds digit of n(j)?
1
Suppose 0 = -0*y - 22*y + 21670. What is the hundreds digit of y?
9
Suppose -2*b - 6 = b. Let a be -4 + 15*b/(-3). Let y(n) = n**3 - 5*n**2. What is the units digit of y(a)?
6
Let o = 379 + 21. Suppose 7*x = 2*x + o. What is the units digit of x?
0
Suppose 5*j = -8*j + 13364. What is the thousands digit of j?
1
Let l = 14 - 12. What is the tens digit of ((-160)/(-48))/(l/48)?
8
Suppose -4*g - 3*p = -7*p - 112, 10 = 5*p. Let s be ((-15)/g)/(1/20). What is the units digit of 14/35 - 176/s?
8
What is the hundreds digit of (4 - (1 - -4))/((-1)/4269)?
2
Let m(k) = k**3 + 8*k**2 - k + 9. Suppose r + 5 = 4. Let p be (2 - 0)/(r/4). What is the tens digit of m(p)?
1
Let i be 8/52 - (-4)/(-26). Let z be 338/2 - (-3 - i). Suppose -8 = -2*l + 2*u + 62, 5*l - 2*u - z = 0. What is the tens digit of l?
3
Suppose 5*z + 11 = -d, -d - z = 2 - 3. Suppose -m = -d - 9. Suppose m*u - 82 = 11*u. What is the units digit of u?
1
Let z(c) = 2*c**2 - 2*c + 12. What is the hundreds digit of z(-10)?
2
Let i(a) = a**3 - 5*a**2 + 2. Let j(z) = -z**3 - 6*z**2 - 5*z + 5. Let l be j(-5). Let q be i(l). Suppose -143 + 51 = -q*w. What is the tens digit of w?
4
Let o(u) = -u**2 + 5*u. Suppose -q - 5*s - 14 = 0, -4*s + 5*s + 4 = 0. Let l be o(q). Let y = l - -35. What is the tens digit of y?
2
Let z be 203 + 9 - (0 + -2). Let k be 3/3*-1 + z. Suppose 0 = -5*a + 3*v + 279, 4*a - 6 - k = v. What is the tens digit of a?
5
Suppose 10*b - 4574 = 2346. What is the units digit of b?
2
Suppose 9*w = 12*w - 12. What is the hundreds digit of (1 + -57)/(2/w*-1)?
1
Let u be -1*(5/(-10))/((-2)/(-4)). Let p = 9 - u. What is the units digit of p?
8
Let z(v) = -2*v - 16. Let x be z(-6). Let n(c) = -24*c + 15. What is the hundreds digit of n(x)?
1
Let u(h) be the third derivative of 5*h**4/8 + h**3/6 + 4*h**2. What is the tens digit of u(4)?
6
Suppose 2*u + 5*k - 60 = 0, u + k - 24 = -0*k. Let m = u - -37. What is the tens digit of m?
5
Let d = -53 + 63. What is the hundreds digit of 17756/161 - (d/(-14) + 1)?
1
Suppose 5*d = 3*c + 4260, -8*d + 5*c - 2522 = -11*d. What is the units digit of d?
9
Suppose 3839 = 3*m + 2*s - 7084, 4*m = -2*s + 14564. What is the tens digit of m?
4
What is the units digit of 28 + -2 + (-12)/4 + 8?
1
Let c(d) = 19*d - 5 + 1 + 13*d**2 - 20*d**3 + 19*d**3 - 4. What is the tens digit of c(14)?
6
Let b = -32 + 34. Suppose -7*y + 415 = -b*y. What is the tens digit of y?
8
Let u(t) = -4*t**3 + 8*t**2 + t + 41. What is the thousands digit of u(-7)?
1
Suppose 47*h - 45*h - 52 = 0. What is the units digit of h?
6
Suppose 3*k - 6 = -0. Suppose -6 = -2*m - f, 5*m + k - 4 = 4*f. Suppose m*o - 45 = 11. What is the units digit of o?
8
Suppose 11*j - 9240 = -2222. What is the hundreds digit of j?
6
Let d = 1088 - 481. What is the units digit of d?
7
Let y(b) = -2*b**3 - 44*b**2 - 8*b + 12. What is the units digit of y(-22)?
8
Let d = -777 - -959. What is the tens digit of d?
8
Let v = -1426 - -2020. Suppose -19*d + 22*d = v. What is the hundreds digit of d?
1
Let a(b) = 2*b + 36. Let f be a(-13). What is the units digit of -3 - ((-19)/2 - 0)*f?
2
Let d(p) be the second derivative of 13*p**3/6 - 3*p**2 + 12*p. What is the tens digit of d(4)?
4
Suppose 2*y - 5*y + 9 = 0. Let m(f) = -f**2 - 10*f + 70. Let j be m(-10). Let a = j - y. What is the units digit of a?
7
Suppose -3*r + 1434 = 3*r. What is the hundreds digit of r?
2
Suppose 4*k + 2752 = 4*a, -3*a - 5*k = -10*k - 2058. Suppose 3*l = -2*q + 280, -5*l - 221 = 4*q - a. What is the units digit of l?
0
Suppose 0 = -z + 16*z - 10110. What is the hundreds digit of z?
6
Suppose 3*k = -16*y + 20*y + 1571, 4*k - 2073 = y. What is the units digit of k?
7
Suppose 144 + 306 = 6*j. Suppose -5*a + 4*u + 0*u + 162 = 0, -j = -3*a - 5*u. What is the units dig